21. What is the remainder when i is divided by 15?
12
Let v(d) = d**2 - 54*d + 93. Calculate the remainder when v(60) is divided by 81.
48
Let t(p) = p**3 + 5*p**2 - p - 4. Suppose 0*j + j = -3. What is the remainder when 24/21 - 685/(-7) is divided by t(j)?
14
Let d(i) = 99*i**2 - 9*i + 97. What is the remainder when d(5) is divided by 115?
112
What is the remainder when (126 - -16)/(7/35) is divided by 145?
130
What is the remainder when 215 is divided by ((-1160)/(-812))/((-1)/(-7))?
5
Calculate the remainder when -15 + 1 - (-75082)/346 is divided by 72.
59
Calculate the remainder when (2/((-4)/25))/(843/(-120) + 7) is divided by 135.
95
Let c be ((-5)/((-50)/(-4)))/((-6)/60). Suppose -t + 4*u + 40 = 0, 8*t - 5*t - c*u = 128. What is the remainder when 437 is divided by t?
41
Let u = -47 + 9. Let d = 41 + u. Suppose -8*z = -5*s - d*z + 395, -5*s = 2*z - 402. What is the remainder when s is divided by 21?
17
What is the remainder when 566*(-2)/(-4) + (-12)/(9 - 21) is divided by 180?
104
Let g = -21 + 56. Calculate the remainder when (-2 + -1)/(9/(-246)) is divided by g.
12
Let d(n) = 21*n**2 - 4*n - 3. Let m be d(-1). Let r = -20 + m. Suppose r*x = -3*s + 37, -3*x = 5*s - 21 - 39. What is the remainder when 15 is divided by s?
6
Let r(n) = -n + 7. Let g be r(12). Let b(p) = -4*p + 12 - p + p**2 - 16. Calculate the remainder when b(g) is divided by 8.
6
Let y = -1327 + 1379. What is the remainder when y is divided by 24?
4
Suppose 2*l = -3*l + 90. Suppose -3*x + 37*h = 33*h - 289, 0 = -5*x - 3*h + 414. What is the remainder when x is divided by l?
15
Calculate the remainder when 483 is divided by (-6 + 186/30)/(9/495).
10
Let f be 7/(28/6)*-186 - 3. Let j = 301 + f. Calculate the remainder when 125 is divided by j.
11
Calculate the remainder when 191/((-2)/6*(3 + (-60)/16)) is divided by 48.
44
Suppose 36*b + 4936 + 2696 = 0. Let y = 329 + b. Calculate the remainder when y is divided by 4.
1
Suppose -323*i + 125458 = 38*i + 60*i. What is the remainder when 637 is divided by i?
41
Suppose 0*l + 1388 = 35*l - 1517. Calculate the remainder when 372 is divided by l.
40
Let b(j) = j**2 + 9*j - 5. Calculate the remainder when b(4) is divided by (13 - 0) + (-72)/(-18).
13
What is the remainder when 167 is divided by (628/8 - 57/38) + 4?
5
Let h = 29122 + -29115. Let n = 56 + -25. Calculate the remainder when n is divided by h.
3
Suppose 772*v - 803*v = -94798. What is the remainder when v is divided by 45?
43
Let q be (-211 - 0) + (-3)/3. Let w = 72476 - 72440. Calculate the remainder when q/(-1)*1/2 is divided by w.
34
Let h be ((-4)/(-10))/((-2)/(-20)). Suppose 151 = -c + 6*c + o, 0 = h*c + 3*o - 112. Calculate the remainder when 92 is divided by c.
30
Suppose 5*z - 8*z = -219. Suppose -34 = 2*c + 3*l - l, z = -5*c + l. Let a(v) = -2*v + 2. What is the remainder when 125 is divided by a(c)?
29
Let p = 37 + 215. Let i = -179 + p. Suppose y - 39 = -2. What is the remainder when i is divided by y?
36
Suppose -3*q - q = -28. Let s(b) = -24*b - 24. Let x be s(-4). Suppose -r - x = -5*r - 5*d, 4*r - 72 = 5*d. Calculate the remainder when r is divided by q.
4
Let i = -1547 + 1693. Calculate the remainder when 1749 is divided by i.
143
Let m = -5154 - -5342. Calculate the remainder when 368 is divided by m.
180
Let p = -2888 + 2981. Calculate the remainder when p is divided by 25.
18
Suppose 2*b - 5*z = 3*b - 83, -4*b - 3*z = -196. Calculate the remainder when 3214 is divided by b.
32
Let f(k) = -5*k - 16. Let y be ((-30)/(-12))/(-4 - (-7)/2). Calculate the remainder when f(y) is divided by 2.
1
Let p be 16/(2/1) - 4. Let x(q) = q**2 - 3*q + 5. Let i(d) = d**3 - 6*d**2 - 6*d + 9. What is the remainder when i(7) is divided by x(p)?
7
Let x(c) = -27*c**2 + 224*c - 36. What is the remainder when x(6) is divided by 110?
6
Let v = -3278 - -3336. What is the remainder when 69 is divided by v?
11
Let w = -30 - -52. Suppose 6*c - 8*c = 3*c. Suppose -p + 2*p = 4*k - 337, -5*k + 5*p + 410 = c. What is the remainder when k is divided by w?
19
Suppose d = -5*m + 765, -23*m + 1575 = 2*d - 22*m. Calculate the remainder when 864 is divided by d.
74
Let n be ((-40)/5 - -4) + 6. Suppose 5*y - 15 = -o, 5*y + o - 5 = -n*o. Suppose -v = c + c - 64, c - 41 = y*v. Calculate the remainder when c is divided by 18.
15
Let g(o) = -16*o - 8. Let m be g(-3). Suppose 13*n - 5*n = m. What is the remainder when 12 is divided by n?
2
Suppose -n - 3*d = 134, n - 2*d - 37 = -171. Let y = -24 - n. What is the remainder when y is divided by 14?
12
Let s(u) = 2*u**2 + 84*u + 1142. Calculate the remainder when 549 is divided by s(-24).
271
Let x = -6491 + 6498. What is the remainder when 200 is divided by x?
4
Calculate the remainder when 112 is divided by 2 - ((-68 - -3) + 2) - 520/(-130).
43
Suppose -2*v - 208 = -4*n, 4*n + 13 = -3*v + 241. What is the remainder when n is divided by 37?
17
Let o = 87 + -62. Suppose -g - 2 = -o. Let v = -189 + 273. Calculate the remainder when v is divided by g.
15
Suppose 6 + 4 = 10*w. Let m be w + -5 + (-5 - -47). Suppose -18 = 5*k + 2, m = 3*c + k. What is the remainder when 122 is divided by c?
10
What is the remainder when 398 is divided by 71 + 2*(-6)/(-4) + 42/(-7)?
58
Suppose 32*t + 843 = 126*t - 4327. What is the remainder when 1602 is divided by t?
7
Suppose 0*b + b - 45 = -5*j, 5*b + 5*j = 285. Suppose 21*s = -2*s + 21528. What is the remainder when b is divided by ((-1)/3)/((-24)/s)?
8
What is the remainder when 179 is divided by (-46)/(((-39)/(-6) - 1) + 84/(-14))?
87
Calculate the remainder when 11 is divided by -1*(12/(-7) + 6/(-21)).
1
Suppose -5*u + 9287 = 1847. Suppose -5*k - 7*k = -u. Suppose 0 = -40*t + 36*t + k. Calculate the remainder when 123 is divided by t.
30
Let f(w) = 820*w**3 + 13*w**2 + 5*w - 11. Calculate the remainder when f(3) is divided by 181.
179
Let i(p) = 7*p**2 + 503*p + 15. Suppose 218 = 5*m + 68. What is the remainder when i(-72) is divided by m?
27
Suppose 2*w + i - 26 - 8 = 0, -5*w + 4*i = -111. Calculate the remainder when (4/(-8) + 0)*-92 is divided by w.
8
Suppose -181 + 727 = 39*v. What is the remainder when 948 is divided by v?
10
What is the remainder when (-11)/(((-1)/(-15))/((-3600)/750)) is divided by 21?
15
Let c = -440 + 482. Suppose 368*o - c = 362*o. What is the remainder when o is divided by 6?
1
What is the remainder when 864 + 11/(264/32)*3/(-2) is divided by 111?
85
Let m(v) = -v**3 + v**2 + 7*v + 4. Suppose 2*j = h + 5, -5*h - 4*j - 32 = -h. What is the remainder when m(h) is divided by 70?
67
Calculate the remainder when 255 is divided by -3 + (-1432)/(-16) + 7/(-2).
6
Suppose 8*g + 2 = 10*g - 4*v, -3*v = -3*g + 21. What is the remainder when 267 is divided by g?
7
Let j(z) = -1 + 8*z + 2 + 3601*z**2 - 3564*z**2. Calculate the remainder when j(-2) is divided by 15.
13
Calculate the remainder when (6*18/60)/(-1*(-2)/1510) is divided by 52.
7
Let x be (-1 - 3)*345/12. Let z(u) = 7*u - 167. Let t be z(45). Let b = x + t. What is the remainder when b is divided by 18?
15
Let c(v) = 22*v**2 - 12*v - 26. Let z be c(-3). What is the remainder when 12 is divided by (0 + -4)/(z/(-572))?
1
Let i(s) = s**3 - 13*s**2 + 34*s - 42. Let k be i(14). Suppose 2*y + 4 = 0, 2*l - y = -2*l + k. Calculate the remainder when l is divided by 20.
17
Let a be (6/9)/((-4)/(-1290)). Let l = a + -110. What is the remainder when l is divided by 53?
52
Let o(m) = m**3 + 16*m**2 + 9*m + 24. Let a = -86 + 91. Let c be (-18)/(-24)*8*a/(-2). Calculate the remainder when o(c) is divided by 23.
22
Let r be 4*3/(-36) - 10/(-3). Suppose 2*l = -r*a + 970, -a - 2264 = -4*l - 352. What is the remainder when l is divided by 60?
59
Let u = 17 + -10. Let m = u - -5. Let l(x) = -5*x**3 - 61*x**2 + 13*x + 333. What is the remainder when l(-12) is divided by m?
9
Let z be ((-2)/3)/((-3)/18*4). Let y be (6/(-8))/((-3)/(-4) - z). Suppose -3*k = -12, -l + 5*k + 39 = -y. What is the remainder when l is divided by 32?
30
Let x = 137 + -134. What is the remainder when 41 is divided by 13/(4 - x - 0)?
2
Suppose -14*j + 112 = 68 - 334. Let s(u) = 2*u**2 - u - 2. Calculate the remainder when s(7) is divided by j.
8
Suppose g - 1411*n - 3344 = -1414*n, 2*g + 5*n - 6693 = 0. Calculate the remainder when g is divided by 15.
14
Let g = -158 + 169. Let